*c + 1. Let u be 4*(-3)/(-30)*5. Let r(b) = b**3 - 2*b**2 + b - 1. Let v be r(u). Let d = 3 + v. What is s(d)?
1
Let v(a) = 6*a**2 - 5*a**3 - 4*a - a**3 + 5*a**3 + 10*a + 3. Suppose -3 = -m - 4. Let z = m + 8. Determine v(z).
-4
Let a(c) = c**3 + c**2 + c + 2. Let n = 0 - 0. Suppose n = -f - 2 - 0. Give a(f).
-4
Let u(f) = -f**3 - 2*f**2 + 7*f - 5. Let j be 4 + -13 + 2 - 6/(-2). Let g be u(j). Let d(b) = -b**2 + 3*b**3 + b + b**2. Calculate d(g).
-4
Let v(u) = u + 3. Suppose -76 = 2*w + 2*w + 4*a, a + 3 = 0. Let j = 587 - 608. Let p = j - w. What is v(p)?
-2
Let i(n) = 4*n + 7. Let g(o) = o - 1. Let l(x) = -2*g(x) + i(x). Suppose -104 = -144*h + 131*h. Give l(h).
25
Suppose -5*l = -4*k - 56, 4*l + 7*k - 4*k = 20. Let f(y) = y**3 - 6*y - l - 5*y + 0*y + 7*y - 5*y**2. Give f(6).
4
Let c be (-3)/(-12) - (-34)/(-8). Let w(h) = 60*h**2 - 44*h**2 - 6*h - 18*h**2. What is w(c)?
-8
Let r(o) = -3*o. Let p(d) = d - 1. Let a(z) = 5*p(z) + 3*r(z). Calculate a(4).
-21
Suppose 5*g = 44*l - 45*l + 2, -5*l = -g + 16. Let z(m) = m**3 + 3*m**2 - m - 3. Give z(l).
0
Let k be (-16)/(-32) - (-6)/4. Let y(c) = 0 - 4 - k*c**2 + 3*c**2 + c**3 + 1 - 2*c. Let o be (-4 - 1)*2/5. Give y(o).
-3
Let s(w) = -w - 8. Let d = 36 - 33. Let l = 3 - d. Give s(l).
-8
Let n(j) = -j**3 + 7*j**2 - 5*j + 7. Suppose -f - p + 3 = 0, -4*f - 9 = -3*f + 5*p. Determine n(f).
13
Suppose 0 = x - 8 - 0. Let i(c) = -3*c**3 + 16*c + c**3 - 5*c + 3 - x*c. Give i(-2).
13
Let i(x) be the second derivative of -x**5/60 - x**4/24 - 7*x**3/2 + 5*x. Let q(g) be the second derivative of i(g). Determine q(4).
-9
Let n(k) = -2*k - 4. Suppose -4*u + 8 = z - 0, 0 = -5*z. Let j(g) = g**2 + u*g + 9 - 10*g + 3*g**2 - 3*g**2. Let h be j(6). Give n(h).
2
Let k be (-559)/52 - ((-22)/8 - -2). Let a(n) = -n**2 - 12*n - 16. What is a(k)?
4
Let w(h) be the second derivative of -h**4/12 + 2*h**3 - 6*h**2 + 54*h - 3. What is w(10)?
8
Let b = -517 - -521. Let j(z) = z - 9. What is j(b)?
-5
Let f(g) = -g**2 + 5*g + 6. Let z be f(6). Let c(x) be the third derivative of -1/24*x**4 + z*x + 0 - 1/60*x**5 + 1/120*x**6 + x**2 + 2/3*x**3. Give c(0).
4
Let q be 1*-2 - (-3 + -2). Suppose -2*p - 4*k + 2*k - 8 = 0, 3*p - q*k + 24 = 0. Let r(c) = -2*c - 3. What is r(p)?
9
Let l(r) = 5*r**2 - 9*r + 13*r - 4*r**2 - 3 + 10 - 8. Let v(g) = g**2 + 6*g - 6. Let s be v(-7). Let m be 8/(-3) + s/(-3). Give l(m).
-4
Let t be (-2)/5*(7 + 28). Let d(r) = r**2 + 5*r - 8. Let j be d(-6). Let v be 3 - t/j - 2. Let n(q) = -q**3 - 5*q**2 + 7*q + 7. Determine n(v).
1
Suppose 8*p - 3*p - 3*h = -44, -5*p - 52 = h. Let i(v) = v + 12. Calculate i(p).
2
Let v(n) be the third derivative of n**4/24 + 2*n**3/3 + 2*n**2. Suppose -22 + 40 = -3*l. Give v(l).
-2
Let h(f) = -3*f + 16. Suppose 10 = 3*q + 3*r - 17, 5*q - r = 27. Let a be h(q). Let l(y) = -y. Determine l(a).
2
Let i(q) = -4*q**2 - 3*q - 3. Let g(s) = 13*s - 522. Let f be g(40). Give i(f).
-13
Let j(z) = -z - 3*z**2 - 16*z**2 - 1 + 1. Suppose 1 = 5*i - 4*i. Determine j(i).
-20
Let i(d) = -7*d - 6. Let a(b) = 2*b**3 + 7*b**2 + 4*b - 1. Let c be a(-3). What is i(c)?
22
Let k(n) = -7*n**2 + 11*n - 4. Let y(d) = -9*d**2 + 12*d - 5. Let w(q) = 5*k(q) - 4*y(q). Let a be (-2 - 0)/(-2) - 7. Calculate w(a).
-6
Let a(u) = -2*u - 6. Let k be (-2)/(-3)*(0 + (-105)/14). Calculate a(k).
4
Let g(q) be the second derivative of -q**4/6 - q**3/6 - q**2 + q + 25. Give g(0).
-2
Let j be 4/(-30) - 0 - 2322/810. Let d be j/(-2) + 55/10. Let x(n) = n**2 - 8*n + 1. What is x(d)?
-6
Let o(u) = -6*u + 55. Let w(j) = 5*j - 46. Let r(t) = 4*o(t) + 5*w(t). What is r(11)?
1
Let g = -1301/3 + 434. Let r(i) be the first derivative of 3 - g*i**3 + i + 3/2*i**2. Give r(3).
1
Let y(l) = -2*l + 1. Let r be y(-9). Let v(w) = 3 + 3 - 21*w + r*w. Calculate v(5).
-4
Let l(i) = 13*i**3 - 15*i**2 + 22. Let j(b) = 7*b**3 - 8*b**2 + 12. Let u(k) = 11*j(k) - 6*l(k). Let d = -7 + 9. What is u(d)?
0
Let y = -245 + 242. Let x(n) = -n**3 - 3*n**2 + 2*n. What is x(y)?
-6
Let c(o) = o**2 + 27*o + 34*o - 12 - 85*o + 32*o. Determine c(-10).
8
Let d(a) = 4*a**2 - 35*a + 14. Let c(w) = 3*w**2 - 30*w + 12. Let h(q) = 5*c(q) - 4*d(q). Give h(-10).
4
Let f = 305 - 302. Suppose -3*h + 6 = -h. Let p(x) = -2*x**h + x**3 + 2*x**f - 6*x - 1 + 4*x**2. Determine p(-5).
4
Suppose o + 5 = 0, 2*a - 4*a + 2*o - 6 = 0. Let c(v) = -v**3 - 8*v**2 + 3*v - 5. Calculate c(a).
-29
Suppose -4*b - 2*z + 37 = 3*z, -3*z = b - 4. Let c(k) = 42 - 9 - 11 + k**3 - 10*k**2 - 6 - b*k. Give c(11).
-6
Let x(h) = -3*h + 2. Suppose -20*l + 4*l + 48 = 0. Determine x(l).
-7
Let z(i) = i**3 - 4*i**2 + i. Let w be z(3). Let x(o) = -o**2 - 8*o + 13. Let f be x(-9). Let d(s) = 4 + s - f - 4 + 2. Calculate d(w).
-8
Let i(g) = -g. Let x(f) = -2*f**2 + 10*f + 20. Let n be x(6). Suppose -2*j = 5*u - 8, u + 2*u - 2*j = n. What is i(u)?
-2
Let h(w) = -65 + 40 + 26 + 14*w. What is h(-3)?
-41
Let k(x) be the third derivative of 0*x - 1/60*x**5 + 1/24*x**4 - 1/2*x**3 + 1/120*x**6 - 6*x**2 + 0. What is k(0)?
-3
Let y = 7 + -1. Let c(r) = 8*r + y + 4 - 7. Let v(b) = -9*b - 4. Let q(d) = -3*c(d) - 2*v(d). Calculate q(-1).
5
Suppose 40 = -4*y + 148. Let v = -8 + y. Suppose -t + 0 = 3*o + v, 5 = -3*t + 4*o. Let q(j) = -j**2 - 6*j + 4. Calculate q(t).
-3
Let a(q) = -2*q**3 - 8*q**2 + 2*q. Let l(u) = -3*u**3 - 15*u**2 + 4*u + 1. Let c(v) = 5*a(v) - 3*l(v). Calculate c(5).
-13
Suppose 3*s - 7*s + 24 = 4*h, -s - 4*h = 3. Suppose 3*c + s = -9. Let b(q) = 21*q + 5*q + 4 - 25*q. What is b(c)?
-2
Let s(k) be the second derivative of -4/3*k**3 + 23*k + 0 + 1/12*k**4 + 2*k**2. Give s(8).
4
Let b(x) be the first derivative of x**4/24 - x**3/3 - 5*x**2/2 + 10. Let z(a) be the second derivative of b(a). What is z(1)?
-1
Let d(j) = 5*j - 2. Let n(f) = -f. Let r(t) = -d(t) - 4*n(t). Let l(u) = -u**2 - 6*u - 4. Let w be l(-4). Determine r(w).
-2
Let v(x) = 5*x**2 - x - 2. Let q(g) = -12*g**2 - g. Let y(f) = q(f) + 2*v(f). Give y(3).
-31
Let k = 153 - 148. Suppose -2*u - k*j = 10, 0*u + 2*u = -j - 18. Let x(t) = -t**3 - 10*t**2 + t + 8. What is x(u)?
-2
Let y = 158 + -170. Let m(w) = -w + 7. Give m(y).
19
Let h(w) be the first derivative of -3*w**4/4 + w**2/2 - w + 41. Determine h(2).
-23
Let w(n) = n**3 - 5*n**2 - 5. Let r(s) = 8*s - s**3 - 3*s + 7*s**2 - s - 10. Let k be r(8). Let v be k/(-8) + 12/(-48). What is w(v)?
-5
Let f(z) = z**2 + 3*z - 5. Let v(o) = -o**2 - 2*o + 5. Let m(c) = -3*f(c) - 2*v(c). Suppose 2*s + 7 = -63. Let a = s + 30. Determine m(a).
5
Let i(l) be the second derivative of -9/2*l**2 + 1/20*l**5 + 24*l - 5/3*l**3 + 0 + 1/2*l**4. Determine i(-7).
12
Let x(l) = -13*l - 115. Let b be x(-9). Let k(y) = y**2 - y + 1. Determine k(b).
3
Suppose 2*s + 3*t - 5 = 0, -5*s = -2*s - 3*t. Let p be 9/3 - (-2 + 2). Let m(f) = 3 - p - 2*f + s. Give m(2).
-3
Let o(q) = 3*q - 11. Let g(b) = -b + 4. Let y(f) = -8*g(f) - 3*o(f). Suppose -2 = 2*z + 4. Calculate y(z).
4
Let n(s) = s**2 + 2*s - 4. Let k(b) = 8*b**2 - 2*b - 1. Let h be k(-1). Let r(w) = w**3 + 2*w**2 - 3*w + 3. Let l be r(2). Let z = h - l. Determine n(z).
4
Let s(v) = v**2 + 10*v - 5. Let c be 1 + 27/(-21) - (-340)/(-35). Calculate s(c).
-5
Let s(k) = k**2 + 4*k + 7. Let a be s(-4). Let y(x) = -2*x - 5*x**2 + 10*x - x**3 - a - 10*x. Let w be (1 + -2)/(2/10). What is y(w)?
3
Let m(p) = -14. Let t(y) = y - 14. Let l(s) = 6*m(s) - 5*t(s). Give l(-3).
1
Let j(g) = -g**2 - 3*g - 4. Suppose 5 = -2*f + 7. Suppose q = -f - 2. What is j(q)?
-4
Let g(d) be the first derivative of d**4/4 - 10*d**3/3 + 9*d**2/2 - 7*d - 77. What is g(9)?
-7
Suppose 9*z - 90 = -18. Let f = 8 + 0. Let o(y) = -10 + f + z - y. Give o(3).
3
Suppose 10 = -3*l + c, -16*l + 13 = -21*l - 2*c. Let v(k) = -k**3 - 2*k**2 - 4*k - 2. What is v(l)?
19
Let n = 69 - 72. Let t(g) = g**2 + 6*g + 7. Calculate t(n).
-2
Let k(t) be the first derivative of 27*t**2/2 + 9*t + 3. Let r(f) = -7*f - 2. Let o(y) = 4*k(y) + 15*r(y). Give o(-7).
-15
Let w(u) = u**2 + u + 1. Let m(x) = -4*x**2 + 2*x - 4. Let p(i) = m(i) + 5*w(i). Let b be (10/2 - 6) + -6. Calculate p(b).
1
Suppose 91*r - 86*r + 5 = 0. Let n(h) be the third derivative of -h**6/20 + h**5/30 + h**4/12 + h**3/6 - 2*h**2. Calculate n(r).
7
Let w(y) be the third derivative of 7*y**4/24 - y**3/2 + 512*y**2. Give w(-3).
-24
Let c(k) = -k + 1. Let t = 86 + 